r?
True
Is 9848627 prime?
False
Is 51103427 a prime number?
True
Is 131960271 composite?
True
Is 3408389 composite?
False
Is 78589373 a prime number?
True
Is 13365965 a composite number?
True
Is 390571 prime?
False
Is 10062953 a prime number?
True
Is 12776377 a prime number?
True
Is 15766237 a prime number?
True
Is 1181237 a composite number?
False
Is 47127293 a composite number?
True
Is 684040837 a composite number?
False
Is 142574813 composite?
False
Is 3281237 a prime number?
False
Is 77098529 a prime number?
False
Is 2914129 prime?
True
Is 1306862 composite?
True
Is 989026349 a prime number?
True
Is 280034422 prime?
False
Is 11731729 composite?
False
Is 1707389 prime?
True
Is 323201 a prime number?
True
Is 18014659 a composite number?
True
Is 2154197 a composite number?
True
Is 167898331 a prime number?
True
Is 5444287 prime?
True
Is 35575739 a prime number?
False
Is 67103807 prime?
False
Is 2276909 composite?
False
Is 200247 prime?
False
Is 20113391 a prime number?
True
Is 9071761 composite?
True
Is 1696943 a prime number?
True
Is 1556747 a prime number?
True
Is 10135105 a composite number?
True
Is 46402387 composite?
False
Is 18156091 prime?
True
Is 7237247 prime?
True
Is 202250939 a composite number?
True
Is 1095547 prime?
False
Is 16009181 composite?
True
Is 8585839 a composite number?
False
Is 44810111 a composite number?
True
Is 60342761 a composite number?
False
Is 296483339 a composite number?
False
Is 118741521 a composite number?
True
Is 72542059 a composite number?
True
Is 43463429 prime?
True
Is 140869657 a prime number?
True
Is 3117043 a composite number?
False
Is 145019461 a composite number?
False
Is 5783567 prime?
False
Is 4140749 a prime number?
True
Is 170700029 composite?
True
Is 76381397 a prime number?
False
Is 26789843 prime?
True
Is 10801793 composite?
False
Is 52007107 a prime number?
True
Is 577721 a composite number?
False
Is 27108589 a prime number?
True
Is 377795435 prime?
False
Is 16304237 a prime number?
False
Is 52660235 a prime number?
False
Is 16922683 composite?
True
Is 14987231 composite?
True
Is 12809299 a composite number?
False
Is 4238719 composite?
False
Is 12323 prime?
True
Is 256223393 a composite number?
False
Is 7053401 composite?
False
Is 3575357 prime?
True
Is 17778935 a composite number?
True
Is 53537213 prime?
True
Is 4719079 a composite number?
False
Is 1758347 composite?
False
Is 854693 composite?
True
Is 16661783 a prime number?
False
Is 4340981 a composite number?
True
Is 2995169 a composite number?
True
Is 49026563 a prime number?
True
Is 68127329 composite?
False
Is 32953685 a composite number?
True
Is 44674363 composite?
False
Is 34490557 a composite number?
False
Is 45742313 composite?
False
Is 217859 a composite number?
False
Is 2857597 a prime number?
False
Is 3101797 prime?
False
Is 1375051261 a prime number?
False
Is 1313113 composite?
True
Is 43667941 composite?
False
Is 27036991 a composite number?
True
Is 10562473 a composite number?
False
Is 24236177 prime?
False
Is 739087 prime?
True
Is 169367851 a prime number?
True
Is 153014137 prime?
True
Is 60919765 prime?
False
Is 2269667 prime?
False
Is 64906351 a composite number?
True
Is 8643665 composite?
True
Is 27668327 a composite number?
True
Is 7504957 prime?
True
Is 489329 a prime number?
True
Is 37384747 prime?
True
Is 8187511 prime?
True
Is 160533943 composite?
True
Is 211009 prime?
False
Is 9356131 prime?
False
Is 8898521 a prime number?
True
Is 11007559 composite?
True
Is 47927827 a composite number?
True
Is 4790263 a composite number?
True
Is 222107 a prime number?
True
Is 2743043 composite?
False
Is 69886151 a composite number?
False
Is 70340251 prime?
True
Is 11266099 a prime number?
False
Is 236279 composite?
True
Is 9415291 prime?
False
Is 360936791 a composite number?
False
Is 17966199 a prime number?
False
Is 555007 composite?
True
Is 18743691 composite?
True
Is 169583603 prime?
False
Is 495557 a composite number?
False
Is 6856873 composite?
False
Is 4040279 composite?
False
Is 269449 a composite number?
True
Is 225977 composite?
False
Is 23987851 composite?
True
Is 182755439 a prime number?
False
Is 5239319 a composite number?
False
Is 66188123 composite?
True
Is 2091301 a prime number?
True
Is 11205133 a prime number?
False
Is 5519399 a composite number?
True
Is 2295361 a prime number?
True
Is 951221 a prime number?
True
Is 19449401 a composite number?
True
Is 2748643 composite?
False
Is 8270201 composite?
False
Is 151356091 a composite number?
False
Is 1646849 a composite number?
False
Is 4492343 composite?
False
Is 7259297 prime?
True
Is 4094579 composite?
False
Is 3216133 a prime number?
False
Is 110726869 a composite number?
True
Is 343279037 composite?
True
Is 1579749 a prime number?
False
Is 148976869 prime?
True
Is 17920993 prime?
True
Is 55593731 composite?
False
Is 4850249 composite?
True
Is 380951 a prime number?
True
Is 116133131 a composite number?
True
Is 23167421 prime?
True
Is 1710499 composite?
True
Is 22655651 a prime number?
True
Is 6760709 a prime number?
False
Is 3800018 a prime number?
False
Is 2186509 a composite number?
True
Is 2041147 prime?
True
Is 29526953 prime?
False
Is 3287299 composite?
True
Is 19983859 a prime number?
False
Is 53139913 a composite number?
True
Is 57953983 composite?
False
Is 1132213 composite?
True
Is 14219969 a composite number?
False
Is 5080357 composite?
False
Is 206941681 a composite number?
True
Is 8503597 a composite number?
True
Is 16785191 prime?
True
Is 61586509 a prime number?
True
Is 20455823 composite?
False
Is 44615 composite?
True
Is 138810341 a prime number?
True
Is 2202941 composite?
True
Is 49771529 a composite number?
True
Is 10237693 a composite number?
False
Is 231501 a composite number?
True
Is 5791661 a prime number?
True
Is 4542407 a prime number?
True
Is 115501 composite?
True
Is 37580899 composite?
False
Is 564929 a prime number?
False
Is 3230053 composite?
False
Is 346639 a composite number?
False
Is 435077 composite?
True
Is 603443 a composite number?
False
Is 3399563 a composite number?
False
Is 4064389 composite?
True
Is 8016971 prime?
False
Is 355983 composite?
True
Is 21658201 prime?
True
Is 27301 a prime number?
False
Is 8580731 a composite number?
False
Is 2014531 a prime number?
False
Is 373335441 a prime number?
False
Is 288607049 a prime number?
False
Is 1788203 composite?
True
Is 3291087 a composite number?
True
Is 3687557 a prime number?
True
Is 17229931 composite?
False
Is 61819963 composite?
True
Is 1154833 prime?
False
Is 3525133 prime?
True
Is 23392274 composite?
True
Is 30099803 a composite number?
True
Is 9778843 prime?
True
Is 50980273 prime?
True
Is 19234027 prime?
True
Is 613097 a prime number?
True
Is 308378027 a composite number?
True
Is 193947409 a prime number?
True
Is 1394359 a prime number?
True
Is 1901566 prime?
False
Is 48065 a prime number?
False
Is 2599557 prime?
False
Is 39813157 composite?
False
Is 201811139 prime?
True
Is 368323 prime?
True
Is 264433 prime?
False
Is 125402 prime?
False
Is 19693271 prime?
False
Is 15651641 a composite number?
False
Is 31539467 a composite number?
False
Is 30723235 a composite number?
True
Is 3368951 composite?
False
Is 19529089 a prime number?
False
Is 1772087297 a composite number?
False
Is 242042261 a prime number?
True
Is 3394177 prime?
True
Is 665746 composite?
True
Is 236828431 a prime number?
False
Is 3890927 a prime number?
True
Is 60521011 a composite number?
True
Is 1938149 a prime number?
True
Is 7204487 prime?
False
Is 347138411 a composite number?
True
Is 37397519 composite?
True
Is 390252029 a composite number?
False
Is 7708483 composite?
False
Is 17935007 a prime number?
False
Is 32935649 a prime number?
True
Is 7870619 prime?
True
Is 1913533 a prime number?
True
Is 10869853 a composite number?
False
Is 16644493 a composite number?
True
Is 4378357 composite?
True
Is 152171823 a composite number?
True
Is 64949993 composite?
True
Is 454680217 prime?
True
Is 182311039 a prime number?
True
Is 136142537 a composite number?
False
Is 792437 composite?
True
Is 107282891 a composite number?
True
Is 9075029 a prime number?
False
Is 65038577 a composite number?
True
Is 460792307 a prime number?
True
Is 12254251 prime?
True
Is 5102945 a prime number?
False
Is 89942417 a 